{"id":104,"date":"2023-09-05T15:41:07","date_gmt":"2023-09-05T13:41:07","guid":{"rendered":"http:\/\/127.0.0.1\/wordpress\/?page_id=104"},"modified":"2024-10-08T09:14:42","modified_gmt":"2024-10-08T07:14:42","slug":"chrzest","status":"publish","type":"page","link":"https:\/\/parafie.archidiecezja.lodz.pl\/swietyalbert\/sakramenty\/chrzest\/","title":{"rendered":"Chrzest"},"content":{"rendered":"\n<p><\/p>\n\n\n\n<h2 class=\"wp-block-heading\"><strong>Informacje dla rodzic\u00f3w dziecka<\/strong><br><\/h2>\n\n\n\n<ol class=\"wp-block-list\">\n<li>Chrzest dziecka odbywa si\u0119 w ko\u015bciele parafialnym sta\u0142ego miejsca zamieszkania rodzic\u00f3w (nie ma znaczenia miejsce zameldowania).<br>  <br><\/li>\n\n\n\n<li>Chrzest zg\u0142aszaj\u0105 osobi\u015bcie rodzice dziecka w kancelarii parafialnej oko\u0142o dw\u00f3ch tygodni wcze\u015bniej.<br> <br><\/li>\n\n\n\n<li>W kancelarii nale\u017cy przed\u0142o\u017cy\u0107:\n<ul class=\"wp-block-list\">\n<li>metryk\u0119 urodzenia USC,<\/li>\n\n\n\n<li>metryk\u0119 \u015blubu ko\u015bcielnego zawartego w innej parafii,<\/li>\n\n\n\n<li>je\u017celi dziecko jest zamieszka\u0142e w innej parafii rodzice dostarczaj\u0105 stosown\u0105 zgod\u0119 przeniesienia chrztu z parafii zamieszkania dziecka,<\/li>\n\n\n\n<li>dok\u0142adne dane personalne chrzestnych oraz za\u015bwiadczenie z ich parafii o tym, \u017ce mog\u0105 by\u0107 rodzicami chrzestnymi (dat\u0119 ich urodzenia i dok\u0142adny adres zamieszkania).<br> <br><\/li>\n<\/ul>\n<\/li>\n\n\n\n<li>Chrzty odbywaj\u0105 si\u0119 podczas mszy \u015bw. o godzinie 13:15 (w lipcu i sierpniu o 12:00).<br>  <br><\/li>\n\n\n\n<li>W nadzwyczajnych przypadkach &#8211; w ka\u017cdej chwili.<\/li>\n<\/ol>\n\n\n\n<p><mark style=\"background-color:rgba(0, 0, 0, 0)\" class=\"has-inline-color has-vivid-red-color\">W razie niebezpiecze\u0144stwa \u015bmierci<\/mark> chrztu mo\u017ce dokona\u0107 ka\u017cdy, w nast\u0119puj\u0105cy spos\u00f3b:<br>wypowiada si\u0119 imi\u0119 dziecka np. &#8222;<strong>Franciszku<\/strong>&#8221; oraz formu\u0142\u0119<br><strong>&#8222;ja ciebie chrzcz\u0119 w Imi\u0119 Ojca i Syna i Ducha \u015awi\u0119tego&#8221;,<\/strong><br>polewaj\u0105c g\u0142\u00f3wk\u0119 dziecka wod\u0105.<br><\/p>\n\n\n\n<ol start=\"6\" class=\"wp-block-list\">\n<li>Kto mo\u017ce pe\u0142ni\u0107 funkcje rodzic\u00f3w chrzestnych?\n<ul class=\"wp-block-list\">\n<li>uko\u0144czony 16 rok \u017cycia,<\/li>\n\n\n\n<li>przyj\u0119ty sakrament bierzmowania,<\/li>\n\n\n\n<li>katolicy, kt\u00f3rzy \u017cyj\u0105 zgodnie z wszystkimi przykazaniami Bo\u017cymi i nauk\u0105 Pana Jezusa,<\/li>\n\n\n\n<li>uczestnicz\u0105 w niedziele i \u015bwi\u0119ta we Mszy \u015bw. i systematycznie przyst\u0119puj\u0105 do spowiedzi i Komunii \u015bw.<br> <br><\/li>\n<\/ul>\n<\/li>\n\n\n\n<li>Nie mog\u0105 by\u0107 chrzestnymi:\n<ul class=\"wp-block-list\">\n<li>\u017cyj\u0105cy w ma\u0142\u017ce\u0144stwie bez \u015blubu ko\u015bcielnego,<\/li>\n\n\n\n<li>m\u0142odzie\u017c, kt\u00f3ra nie ucz\u0119szcza na katechez\u0119,<\/li>\n\n\n\n<li>kto nie przyj\u0105\u0142 sakramentu bierzmowania,<\/li>\n\n\n\n<li>oboj\u0119tni religijnie,<\/li>\n\n\n\n<li>prowadz\u0105cy gorsz\u0105cy tryb \u017cycia.<br> <br><\/li>\n<\/ul>\n<\/li>\n\n\n\n<li>Przed chrztem rodzice i chrzestni powinni uczestniczy\u0107 w specjalnej nauce i przyst\u0105pi\u0107 do sakramentu pokuty, a w dniu chrztu do Komunii \u015bw.<br><br>Rodzice, kt\u00f3rzy planuj\u0105 ochrzci\u0107 swoje dziecko oraz rodzice chrzestni s\u0105 zaproszeni na katechez\u0119 przedchrzcieln\u0105, kt\u00f3ra b\u0119dzie si\u0119 odbywa\u0107 w naszej parafii <strong>w drugi i czwarty pi\u0105tek miesi\u0105ca o godz. 19.00.<\/strong> Prosimy, aby planuj\u0105c wcze\u015bniej chrzest dziecka uwzgl\u0119dni\u0107 odbycie takiej katechezy. <br> <br><\/li>\n\n\n\n<li>Przy chrzcie \u015bw. asystuj\u0105 zar\u00f3wno rodzice, jak i chrzestni.<br><br><\/li>\n\n\n\n<li>Do chrztu \u015bw. przychodzimy punktualnie, 15 minut przed wyznaczon\u0105 godzin\u0105.<br> <br><\/li>\n\n\n\n<li>Gdyby chrzest \u015bw. mia\u0142 by\u0107 z r\u00f3\u017cnych przyczyn prze\u0142o\u017cony na inny termin, nale\u017cy o tym poinformowa\u0107 parafi\u0119.<\/li>\n<\/ol>\n\n\n\n<hr class=\"wp-block-separator has-alpha-channel-opacity\"\/>\n\n\n\n<h2 class=\"wp-block-heading\"><strong>Tak wygl\u0105da chrzest dzieci w naszej parafii<\/strong><\/h2>\n\n\n\n<figure class=\"wp-block-embed is-type-video is-provider-youtube wp-block-embed-youtube wp-embed-aspect-16-9 wp-has-aspect-ratio\"><div class=\"wp-block-embed__wrapper\">\n<iframe loading=\"lazy\" title=\"Chrzest\" width=\"500\" height=\"281\" src=\"https:\/\/www.youtube.com\/embed\/x0j7W2dQD0I?feature=oembed\" frameborder=\"0\" allow=\"accelerometer; autoplay; clipboard-write; encrypted-media; gyroscope; picture-in-picture; web-share\" referrerpolicy=\"strict-origin-when-cross-origin\" allowfullscreen><\/iframe>\n<\/div><\/figure>\n\n\n\n<hr class=\"wp-block-separator has-alpha-channel-opacity\"\/>\n\n\n\n<h2 class=\"wp-block-heading\"><strong>Chrzest doros\u0142ych<\/strong><\/h2>\n\n\n\n<p>W przypadku osoby doros\u0142ej, kt\u00f3ra chce przyj\u0105\u0107 sakrament chrztu \u015bwi\u0119tego konieczny jest d\u0142u\u017cszy etap przygotowania. Po&nbsp;szczeg\u00f3\u0142y nale\u017cy zg\u0142osi\u0107 si\u0119 do&nbsp;kancelarii.<\/p>\n\n\n\n<p>Strona katechumenatu (przygotowania do chrztu) dla doros\u0142ych na terenie archidiecezji \u0142\u00f3dzkiej: <a href=\"https:\/\/katechumenat-lodz.blogspot.com\">https:\/\/katechumenat-lodz.blogspot.com<\/a>  <br>fanpage: <a href=\"https:\/\/www.facebook.com\/Katechumenat.Lodz\">https:\/\/www.facebook.com\/Katechumenat.Lodz<\/a> <\/p>\n\n\n\n<p><br><\/p>\n\n\n\n<hr class=\"wp-block-separator has-alpha-channel-opacity\"\/>\n\n\n\n<h2 class=\"wp-block-heading\"><strong>Odpust zupe\u0142ny<\/strong><\/h2>\n\n\n\n<p>Pod zwyk\u0142ymi warunkami mo\u017cna uzyska\u0107 odpust zupe\u0142ny, je\u015bli odnowimy przyrzeczenia chrzcielne podczas liturgii&nbsp;<strong>Wigilii Paschalnej<\/strong>&nbsp;w Wielk\u0105 Noc lub w&nbsp;<strong>rocznic\u0119 swojego chrztu<\/strong>.<\/p>\n\n\n\n<p><\/p>\n\n\n\n<hr class=\"wp-block-separator has-alpha-channel-opacity\"\/>\n\n\n\n<h2 class=\"wp-block-heading\"><strong>Katechizm<\/strong><\/h2>\n\n\n\n<p><a href=\"http:\/\/www.katechizm.opoka.org.pl\/kkkII-2-1.htm#o2kkkII-2-1\">&nbsp;Katechizm Ko\u015bcio\u0142a Katolickiego o chrzcie.<\/a><\/p>\n\n\n\n<hr class=\"wp-block-separator has-alpha-channel-opacity\"\/>\n\n\n\n<h2 class=\"wp-block-heading\"><strong>Warto zajrze\u0107<\/strong><\/h2>\n\n\n\n<p><\/p>\n\n\n\n<ul class=\"wp-block-list\">\n<li><a href=\"http:\/\/www.katolik.pl\/my-w-sprawie-chrztu-naszego-dziecka---,1779,416,cz.html?s=1\">&#8222;My w sprawie chrztu naszego dziecka&#8230;&#8221; &#8211; czyli na jakie pytania warto sobie odpowiedzie\u0107 przed chrztem dziecka<\/a><\/li>\n\n\n\n<li><a href=\"http:\/\/www.katolik.pl\/dar-ponownie-odkryty,22265,416,news.html\">&#8222;Dar ponownie odkryty&#8221; (ks. J\u00f3zef Bakalarz TChr)<\/a><\/li>\n\n\n\n<li><a href=\"http:\/\/liturgia.wiara.pl\/doc\/420801.Wszystko-o-chrzcie\">Wszystko o chrzcie \u015bwi\u0119tym<\/a><\/li>\n\n\n\n<li><a href=\"http:\/\/www.opoka.org.pl\/biblioteka\/M\/MS\/celebracja_chrztu.html\">Celebracja chrztu \u015bwi\u0119tego<\/a><\/li>\n\n\n\n<li><a href=\"http:\/\/www.opoka.org.pl\/varia\/poradnik\/index.html\">O sakramentach na Opoce<\/a><\/li>\n\n\n\n<li><a href=\"http:\/\/www.deon.pl\/imieniny\/\">Imiona &#8211; znaczenie i patroni<\/a><\/li>\n\n\n\n<li><a href=\"http:\/\/www.deon.pl\/religia\/kosciol-i-swiat\/komentarze\/art,2753,biskup-zawiesil-obowiazkowych-chrzestnych.html\">O wyborze chrzestnych<\/a><\/li>\n\n\n\n<li><a href=\"http:\/\/www.radiomaryja.pl\/kosciol\/srodowa-audiencja-generalna-z-ojcem-swietym-franciszkiem-31\/\">Katecheza pp. Franciszka o chrzcie \u015bwi\u0119tym (8.01.2014 r.)<\/a><\/li>\n\n\n\n<li><a href=\"http:\/\/www.radiomaryja.pl\/kosciol\/srodowa-audiencja-generalna-z-ojcem-swietym-franciszkiem-32\/\">Katecheza pp. Franciszka o chrzcie \u015bwi\u0119tym (15.01.2014 r.)<\/a><\/li>\n\n\n\n<li><a href=\"http:\/\/www.youtube.com\/playlist?list=PLXVsguxeflobJWM5uMDfQqxufL4j_nAk3\">&#8222;Siedem jak Sakramenty&#8221;<\/a><\/li>\n<\/ul>\n\n\n\n<h2 class=\"wp-block-heading\"><\/h2>\n\n\n\n<figure class=\"wp-block-embed is-type-video is-provider-youtube wp-block-embed-youtube wp-embed-aspect-16-9 wp-has-aspect-ratio\"><div class=\"wp-block-embed__wrapper\">\n<iframe loading=\"lazy\" title=\"Siedem jak Sakramenty: Chrzest\" width=\"500\" height=\"281\" src=\"https:\/\/www.youtube.com\/embed\/FuGRQ-_QtJg?feature=oembed\" frameborder=\"0\" allow=\"accelerometer; autoplay; clipboard-write; encrypted-media; gyroscope; picture-in-picture; web-share\" referrerpolicy=\"strict-origin-when-cross-origin\" allowfullscreen><\/iframe>\n<\/div><\/figure>\n","protected":false},"excerpt":{"rendered":"<p>Informacje dla rodzic\u00f3w dziecka W razie niebezpiecze\u0144stwa \u015bmierci chrztu mo\u017ce dokona\u0107 ka\u017cdy, w nast\u0119puj\u0105cy spos\u00f3b:wypowiada si\u0119 imi\u0119 dziecka np. &#8222;Franciszku&#8221; oraz formu\u0142\u0119&#8222;ja ciebie chrzcz\u0119 w&#8230;<\/p>\n<div class=\"more-link-wrapper\"><a class=\"more-link\" href=\"https:\/\/parafie.archidiecezja.lodz.pl\/swietyalbert\/sakramenty\/chrzest\/\">Rozwi\u0144 ca\u0142\u0105 tre\u015b\u0107<span class=\"screen-reader-text\">Chrzest<\/span><\/a><\/div>\n","protected":false},"author":1,"featured_media":0,"parent":102,"menu_order":0,"comment_status":"closed","ping_status":"closed","template":"","meta":{"footnotes":""},"class_list":["post-104","page","type-page","status-publish","hentry","entry"],"_links":{"self":[{"href":"https:\/\/parafie.archidiecezja.lodz.pl\/swietyalbert\/wp-json\/wp\/v2\/pages\/104","targetHints":{"allow":["GET"]}}],"collection":[{"href":"https:\/\/parafie.archidiecezja.lodz.pl\/swietyalbert\/wp-json\/wp\/v2\/pages"}],"about":[{"href":"https:\/\/parafie.archidiecezja.lodz.pl\/swietyalbert\/wp-json\/wp\/v2\/types\/page"}],"author":[{"embeddable":true,"href":"https:\/\/parafie.archidiecezja.lodz.pl\/swietyalbert\/wp-json\/wp\/v2\/users\/1"}],"replies":[{"embeddable":true,"href":"https:\/\/parafie.archidiecezja.lodz.pl\/swietyalbert\/wp-json\/wp\/v2\/comments?post=104"}],"version-history":[{"count":2,"href":"https:\/\/parafie.archidiecezja.lodz.pl\/swietyalbert\/wp-json\/wp\/v2\/pages\/104\/revisions"}],"predecessor-version":[{"id":1674,"href":"https:\/\/parafie.archidiecezja.lodz.pl\/swietyalbert\/wp-json\/wp\/v2\/pages\/104\/revisions\/1674"}],"up":[{"embeddable":true,"href":"https:\/\/parafie.archidiecezja.lodz.pl\/swietyalbert\/wp-json\/wp\/v2\/pages\/102"}],"wp:attachment":[{"href":"https:\/\/parafie.archidiecezja.lodz.pl\/swietyalbert\/wp-json\/wp\/v2\/media?parent=104"}],"curies":[{"name":"wp","href":"https:\/\/api.w.org\/{rel}","templated":true}]}}