{"id":106,"date":"2023-09-05T15:42:05","date_gmt":"2023-09-05T13:42:05","guid":{"rendered":"http:\/\/127.0.0.1\/wordpress\/?page_id=106"},"modified":"2023-09-05T15:42:05","modified_gmt":"2023-09-05T13:42:05","slug":"bierzmowanie","status":"publish","type":"page","link":"https:\/\/parafie.archidiecezja.lodz.pl\/swietyalbert\/sakramenty\/bierzmowanie\/","title":{"rendered":"Bierzmowanie"},"content":{"rendered":"\n<p><\/p>\n\n\n\n<h2 class=\"wp-block-heading\"><strong>Informacje dla kandydat\u00f3w<\/strong><\/h2>\n\n\n\n<p>Do sakramentu bierzmowania w trybie zwyczajnym przygotowuje si\u0119 m\u0142odzie\u017c ucz\u0105ca si\u0119 w szko\u0142ach ponadpodstawowych. <\/p>\n\n\n\n<p>Dla os\u00f3b doros\u0142ych, kt\u00f3re nie przyj\u0119\u0142y wcze\u015bniej tego sakramentu, przewidziany jest osobny tryb przygotowania do bierzmowania. Szczeg\u00f3\u0142owe informacje mo\u017cna uzyska\u0107 w kancelarii parafialnej.<\/p>\n\n\n\n<p>Przygotowania dla os\u00f3b doros\u0142ych s\u0105 prowadzone m.in. przy \u0142\u00f3dzkiej katedrze: <a href=\"http:\/\/katechumenat-lodz.blogspot.com\">http:\/\/katechumenat-lodz.blogspot.com<\/a> <\/p>\n\n\n\n<p> <\/p>\n\n\n\n<p><strong>\u015awiadek bierzmowania<\/strong>&nbsp;winien odznacza\u0107 si\u0119 nast\u0119puj\u0105cymi przymiotami:<\/p>\n\n\n\n<ul class=\"wp-block-list\">\n<li>by\u0107 wystarczaj\u0105co dojrza\u0142y do spe\u0142nienia tego obowi\u0105zku,<\/li>\n\n\n\n<li>by\u0107 wierz\u0105cym i praktykuj\u0105cym katolikiem,<\/li>\n\n\n\n<li>nale\u017ce\u0107 do Ko\u015bcio\u0142a katolickiego i przyj\u0105\u0107 trzy sakramenty wtajemniczenia chrze\u015bcija\u0144skiego: chrzest, bierzmowanie i Eucharysti\u0119.<\/li>\n<\/ul>\n\n\n\n<div class=\"wp-block-group\"><div class=\"wp-block-group__inner-container is-layout-constrained wp-block-group-is-layout-constrained\">\n<p><em>&#8222;Pragniemy, aby Duch \u015awi\u0119ty, kt\u00f3rego otrzymamy,<br>umocni\u0142 nas do m\u0119\u017cnego wyznawania wiary<br>i do post\u0119powania wed\u0142ug jej zasad.&#8221;<\/em><\/p>\n\n\n\n<p><em>[N], PRZYJMIJ ZNAMI\u0118 DARU DUCHA \u015aWI\u0118TEGO.<br>Bierzmowany: Amen.<br>Biskup dodaje: Pok\u00f3j z tob\u0105.<br>Bierzmowany: I z duchem twoim.<\/em><\/p>\n<\/div><\/div>\n\n\n\n<hr class=\"wp-block-separator has-alpha-channel-opacity\"\/>\n\n\n\n<p><\/p>\n\n\n\n<h2 class=\"wp-block-heading\"><strong>Katechizm<\/strong><\/h2>\n\n\n\n<p><a href=\"http:\/\/www.katechizm.opoka.org.pl\/kkkII-2-1.htm#o11kkkII-2-1\">Katechizm Ko\u015bcio\u0142a Katolickiego o bierzmowaniu<\/a><\/p>\n\n\n\n<hr class=\"wp-block-separator has-alpha-channel-opacity\"\/>\n\n\n\n<p><\/p>\n\n\n\n<h2 class=\"wp-block-heading\"><strong>Warto zajrze\u0107<\/strong><\/h2>\n\n\n\n<p><a href=\"http:\/\/www.opoka.org.pl\/biblioteka\/P\/PR\/bierzmowanie-umacnianie.html\">&#8222;Bierzmowanie &#8211; umacnianie mocnych&#8221;<\/a><br><a href=\"http:\/\/liturgia.wiara.pl\/doc\/420788.Bierzmowanie-mistagogia-celebracji\">&#8222;Bierzmowanie &#8211; mistagogia celebracji&#8221; (Ks. Dariusz Kwiatkowski)<\/a><br><a href=\"http:\/\/prasa.wiara.pl\/doc\/1132010.Pelna-zbroja-Boza\">&#8222;Pe\u0142na zbroja Bo\u017ca&#8221; (Micha\u0142 Buczkowski)<\/a><br><a href=\"https:\/\/youtu.be\/MAa4TxwUEyk?si=nOwy19VZBGmzLWU2\">&#8222;Rola Ducha \u015awi\u0119tego w \u017cyciu chrze\u015bcijanina&#8221; (ks. Franciszek Blachnicki)<\/a><br><a href=\"https:\/\/stacja7.pl\/wiara\/krotka-historia-zeslania\/\">&#8222;Kr\u00f3tka historia Zes\u0142ania&#8221; (Anna D\u0105browska)<\/a><br><a href=\"https:\/\/stacja7.pl\/wiara\/zeby-miec-trzeba-wziac\/\">&#8222;\u017beby mie\u0107, trzeba wzi\u0105\u0107&#8221; (Maciej Chanaka OP)<\/a><br><a href=\"https:\/\/stacja7.pl\/wiara\/co-daje-duch-swiety\/\">&#8222;Co daje Duch \u015awi\u0119ty?&#8221; (Roman Zaj\u0105c)<\/a><br><a href=\"https:\/\/stacja7.pl\/wiara\/kim-jest-duch-swiety-7-biblijnych-faktow\/\">&#8222;Kim jest Duch \u015awi\u0119ty? 7 biblijnych fakt\u00f3w&#8221; (Roman Zaj\u0105c)<\/a><br><a href=\"https:\/\/www.archidiecezja.lodz.pl\/aktualnosci\/2020\/05\/teksty-nowego-obrzedu-sakramentu-bierzmowania\">Obrz\u0119dy sakramentu bierzmowania<\/a><br><a href=\"http:\/\/www.deon.pl\/imieniny\/\">Imiona &#8211; znaczenie i patroni<\/a><br><a href=\"http:\/\/www.radiomaryja.pl\/kosciol\/srodowa-audiencja-generalna-z-ojcem-swietym-franciszkiem-34\/\">Katecheza pp. Franciszka o bierzmowaniu (29.01.2014 r.)<\/a><br><a href=\"http:\/\/www.youtube.com\/playlist?list=PLXVsguxeflobJWM5uMDfQqxufL4j_nAk3\">&#8222;Siedem jak Sakramenty&#8221;<\/a><\/p>\n\n\n\n<figure class=\"wp-block-embed is-type-video is-provider-youtube wp-block-embed-youtube wp-embed-aspect-16-9 wp-has-aspect-ratio\"><div class=\"wp-block-embed__wrapper\">\n<iframe loading=\"lazy\" title=\"Siedem jak Sakramenty: Bierzmowanie\" width=\"500\" height=\"281\" src=\"https:\/\/www.youtube.com\/embed\/su7GhBVxA5Y?feature=oembed\" frameborder=\"0\" allow=\"accelerometer; autoplay; clipboard-write; encrypted-media; gyroscope; picture-in-picture; web-share\" referrerpolicy=\"strict-origin-when-cross-origin\" allowfullscreen><\/iframe>\n<\/div><\/figure>\n","protected":false},"excerpt":{"rendered":"<p>Informacje dla kandydat\u00f3w Do sakramentu bierzmowania w trybie zwyczajnym przygotowuje si\u0119 m\u0142odzie\u017c ucz\u0105ca si\u0119 w szko\u0142ach ponadpodstawowych. Dla os\u00f3b doros\u0142ych, kt\u00f3re nie przyj\u0119\u0142y wcze\u015bniej tego&#8230;<\/p>\n<div class=\"more-link-wrapper\"><a class=\"more-link\" href=\"https:\/\/parafie.archidiecezja.lodz.pl\/swietyalbert\/sakramenty\/bierzmowanie\/\">Rozwi\u0144 ca\u0142\u0105 tre\u015b\u0107<span class=\"screen-reader-text\">Bierzmowanie<\/span><\/a><\/div>\n","protected":false},"author":1,"featured_media":0,"parent":102,"menu_order":1,"comment_status":"closed","ping_status":"closed","template":"","meta":{"footnotes":""},"class_list":["post-106","page","type-page","status-publish","hentry","entry"],"_links":{"self":[{"href":"https:\/\/parafie.archidiecezja.lodz.pl\/swietyalbert\/wp-json\/wp\/v2\/pages\/106","targetHints":{"allow":["GET"]}}],"collection":[{"href":"https:\/\/parafie.archidiecezja.lodz.pl\/swietyalbert\/wp-json\/wp\/v2\/pages"}],"about":[{"href":"https:\/\/parafie.archidiecezja.lodz.pl\/swietyalbert\/wp-json\/wp\/v2\/types\/page"}],"author":[{"embeddable":true,"href":"https:\/\/parafie.archidiecezja.lodz.pl\/swietyalbert\/wp-json\/wp\/v2\/users\/1"}],"replies":[{"embeddable":true,"href":"https:\/\/parafie.archidiecezja.lodz.pl\/swietyalbert\/wp-json\/wp\/v2\/comments?post=106"}],"version-history":[{"count":0,"href":"https:\/\/parafie.archidiecezja.lodz.pl\/swietyalbert\/wp-json\/wp\/v2\/pages\/106\/revisions"}],"up":[{"embeddable":true,"href":"https:\/\/parafie.archidiecezja.lodz.pl\/swietyalbert\/wp-json\/wp\/v2\/pages\/102"}],"wp:attachment":[{"href":"https:\/\/parafie.archidiecezja.lodz.pl\/swietyalbert\/wp-json\/wp\/v2\/media?parent=106"}],"curies":[{"name":"wp","href":"https:\/\/api.w.org\/{rel}","templated":true}]}}