{"id":138,"date":"2023-09-05T17:43:04","date_gmt":"2023-09-05T15:43:04","guid":{"rendered":"http:\/\/127.0.0.1\/wordpress\/?page_id=138"},"modified":"2023-09-05T17:43:04","modified_gmt":"2023-09-05T15:43:04","slug":"ogloszenia","status":"publish","type":"page","link":"https:\/\/parafie.archidiecezja.lodz.pl\/swietyalbert\/ogloszenia\/","title":{"rendered":"Og\u0142oszenia"},"content":{"rendered":"\n<p><strong>DWUDZIESTA PI\u0104TA NIEDZIELA ZWYK\u0141A <br> 24. 09. 2023 r.<\/strong><\/p>\n\n\n\n<p>1. Dzisiaj o godz. 18.00 zapraszamy na nabo\u017ce\u0144stwo adoracyjne.<br>2. W najbli\u017cszy wtorek na godz. 19.00 ksi\u0105dz proboszcz zaprasza kandydat\u00f3w do sakramentu bierzmowania ze swoimi rodzicami na spotkanie organizacyjne, kt\u00f3re odb\u0119dzie si\u0119 w ko\u015bciele.  <br>3. W czwartek 28 wrze\u015bnia o godz. 15.00 w ramach inicjatywy: Koronka na ulicach miast, zgromadzimy si\u0119 na wsp\u00f3ln\u0105 modlitw\u0119 Koronk\u0105 do Bo\u017cego Mi\u0142osierdzia przy ul. Czernika naprzeciw LO nr 47. Tego dnia pami\u0119tajmy w modlitwie o naszym ksi\u0119dzu kardynale Grzegorzu, kt\u00f3ry \u015bwi\u0119tuje 12 rocznic\u0119 przyj\u0119cia \u015bwi\u0119ce\u0144 biskupich. <br>4. W pi\u0105tek obchodzimy \u015bwi\u0119to \u015bwi\u0119tych Archanio\u0142\u00f3w Micha\u0142a, Gabriela i Rafa\u0142a. <br>5. W niedziel\u0119 1 pa\u017adziernika rozpoczynamy nabo\u017ce\u0144stwa r\u00f3\u017ca\u0144cowe, kt\u00f3re w dni powszednie b\u0119dziemy odprawia\u0107 o godz. 17.30, w niedziele o godz. 18.00. R\u00f3\u017caniec prowadzony przez dzieci oraz z udzia\u0142em dzieci b\u0119dzie trzy razy w tygodniu: w poniedzia\u0142ki, \u015brody i pi\u0105tki. Zach\u0119camy wszystkich do udzia\u0142u w nabo\u017ce\u0144stwach r\u00f3\u017ca\u0144cowych.   <br>6. W czwartek 5 pa\u017adziernika organizujemy autokarow\u0105 pielgrzymk\u0119 do Kalisza i Sieradza szlakiem miejsc zwi\u0105zanych ze \u015bw. J\u00f3zefem. Zapisy w zakrystii i kancelarii.  <br>7. W sobot\u0119 14 pa\u017adziernika odb\u0119dzie si\u0119 spotkanie z ta\u0144cem, zabaw\u0105 i rozmow\u0105 dla os\u00f3b stanu wolnego w wieku 30-50 lat. Wi\u0119cej informacji znajdziemy w Internecie i gablocie.  <br>8. Dzi\u0119kujemy za pomoc w posprz\u0105taniu ko\u015bcio\u0142a. Zapraszamy w przysz\u0142\u0105 sobot\u0119 na godz. 9.00. <br>9. W naszym ko\u015bciele trwa ca\u0142odzienna adoracja Naj\u015bwi\u0119tszego Sakramentu. Zach\u0119camy do nawiedzania naszej \u015bwi\u0105tyni i do modlitwy.<br><br>10. Taca z przysz\u0142ej niedzieli b\u0119dzie przeznaczona na cele gospodarcze.<br><br>11. Zach\u0119camy do lektury prasy katolickiej. <\/p>\n","protected":false},"excerpt":{"rendered":"<p>DWUDZIESTA PI\u0104TA NIEDZIELA ZWYK\u0141A 24. 09. 2023 r. 1. Dzisiaj o godz. 18.00 zapraszamy na nabo\u017ce\u0144stwo adoracyjne.2. W najbli\u017cszy wtorek na godz. 19.00 ksi\u0105dz proboszcz&#8230;<\/p>\n<div class=\"more-link-wrapper\"><a class=\"more-link\" href=\"https:\/\/parafie.archidiecezja.lodz.pl\/swietyalbert\/ogloszenia\/\">Rozwi\u0144 ca\u0142\u0105 tre\u015b\u0107<span class=\"screen-reader-text\">Og\u0142oszenia<\/span><\/a><\/div>\n","protected":false},"author":1,"featured_media":0,"parent":0,"menu_order":0,"comment_status":"closed","ping_status":"closed","template":"","meta":{"footnotes":""},"class_list":["post-138","page","type-page","status-publish","hentry","entry"],"_links":{"self":[{"href":"https:\/\/parafie.archidiecezja.lodz.pl\/swietyalbert\/wp-json\/wp\/v2\/pages\/138","targetHints":{"allow":["GET"]}}],"collection":[{"href":"https:\/\/parafie.archidiecezja.lodz.pl\/swietyalbert\/wp-json\/wp\/v2\/pages"}],"about":[{"href":"https:\/\/parafie.archidiecezja.lodz.pl\/swietyalbert\/wp-json\/wp\/v2\/types\/page"}],"author":[{"embeddable":true,"href":"https:\/\/parafie.archidiecezja.lodz.pl\/swietyalbert\/wp-json\/wp\/v2\/users\/1"}],"replies":[{"embeddable":true,"href":"https:\/\/parafie.archidiecezja.lodz.pl\/swietyalbert\/wp-json\/wp\/v2\/comments?post=138"}],"version-history":[{"count":0,"href":"https:\/\/parafie.archidiecezja.lodz.pl\/swietyalbert\/wp-json\/wp\/v2\/pages\/138\/revisions"}],"wp:attachment":[{"href":"https:\/\/parafie.archidiecezja.lodz.pl\/swietyalbert\/wp-json\/wp\/v2\/media?parent=138"}],"curies":[{"name":"wp","href":"https:\/\/api.w.org\/{rel}","templated":true}]}}