{"id":2676,"date":"2025-06-25T21:22:33","date_gmt":"2025-06-25T19:22:33","guid":{"rendered":"https:\/\/parafie.archidiecezja.lodz.pl\/swietyalbert\/?page_id=2676"},"modified":"2025-06-25T21:22:33","modified_gmt":"2025-06-25T19:22:33","slug":"wiadomosci-radia-watykanskiego","status":"publish","type":"page","link":"https:\/\/parafie.archidiecezja.lodz.pl\/swietyalbert\/wiadomosci-radia-watykanskiego\/","title":{"rendered":"Wiadomo\u015bci Radia Watyka\u0144skiego"},"content":{"rendered":"\n<p><strong><code><div class=\"vatican-news p-0\" style='border: 3px solid #e0e0e0' >\n    \n        <div style='padding: 10px; margin: 0 0 15px 0; background-color: #CC0000'>\n            <a href='https:\/\/www.vaticannews.va\/'><img src='https:\/\/www.vaticannews.va\/etc\/designs\/vatican-news\/release\/library\/main\/images\/vatican-news-header-white_retina.png' width='150' alt='Vatican News'><\/a>\n        <\/div>\n        <h2 style='display: none;' aria-hidden='false'>Vatican News<\/h2>\n            <div class=\"row d-flex justify-content-center align-items-start text-small\">\n    \n            <div class='col-lg-4 col-md-3 col-sm-6 col-xs-12'>\n                <div class='card p-3 rounded my-2 shadow'>\n                    <img src='https:\/\/www.vaticannews.va\/content\/dam\/vaticannews\/multimedia\/2024\/novembre\/30\/Gala-DniJana-Pawa-II-na-papieskich-uniwersyteetach-w-RZymie1.jpg\/_jcr_content\/renditions\/cq5dam.thumbnail.cropped.750.422.jpeg' alt='' class='img-fluid d-block border rounded'>\n                    <h3 class='my-2'><strong><a href='https:\/\/www.vaticannews.va\/pl\/watykan\/news\/2026-04\/rusza-2-edycja-dni-jana-pawla-ii-w-rzymie.html' target='_blank'>Rusza 2. edycja Dni Jana Paw\u0142a II w Rzymie<\/a><\/strong><\/h3>\n                    <small class='text-muted'>(2026-04-20 10:02)<\/small>\n                    <p>Ju\u017c po raz drugi rozpoczynaj\u0105 si\u0119 \u201eDni \u015bw. Jana Paw\u0142a II na Uniwersytetach Papieskich w Rzymie\u201d. W dniach 20-24 kwietnia 2026 roku, od poniedzia\u0142ku do pi\u0105tku, na trzech uczelniach papieskich Wiecznego Miasta odbywa\u0107 si\u0119 b\u0119d\u0105 wyk\u0142ady po\u015bwi\u0119cone nauczaniu i tw\u00f3rczo\u015bci Papie\u017ca Polaka. Tegoroczna inicjatywa odbywa si\u0119 pod has\u0142em: \u201eSolidarno\u015b\u0107 i to\u017csamo\u015b\u0107 w nauczaniu i tw\u00f3rczo\u015bci Karola Wojty\u0142y \u2013 Jana Paw\u0142a II\u201d. W programie przewidziano tak\u017ce spektakl teatralny oraz Msz\u0119 \u015bwi\u0119t\u0105 w Bazylice \u015bw. Piotra.\n                    <a href=\"https:\/\/www.vaticannews.va\/pl\/watykan\/news\/2026-04\/rusza-2-edycja-dni-jana-pawla-ii-w-rzymie.html\">Czytaj wszystko<\/a>\n                    &nbsp;<\/p>\n                <\/div>\n            <\/div>\n        \n            <div class='col-lg-4 col-md-3 col-sm-6 col-xs-12'>\n                <div class='card p-3 rounded my-2 shadow'>\n                    <img src='https:\/\/www.vaticannews.va\/content\/dam\/vaticannews\/agenzie\/images\/srv\/2026\/04\/08\/2026-04-08-udienza-generale\/1775638275626.JPG\/_jcr_content\/renditions\/cq5dam.thumbnail.cropped.750.422.jpeg' alt='' class='img-fluid d-block border rounded'>\n                    <h3 class='my-2'><strong><a href='https:\/\/www.vaticannews.va\/pl\/papiez\/news\/2026-04\/leon-xiv-wiedza-ma-sluzyc-dobru-wspolnemu.html' target='_blank'>Leon XIV: Wiedza ma s\u0142u\u017cy\u0107 dobru wsp\u00f3lnemu<\/a><\/strong><\/h3>\n                    <small class='text-muted'>(2026-04-20 09:16)<\/small>\n                    <p>Ojciec \u015awi\u0119ty Leon XIV skierowa\u0142 przes\u0142anie z okazji 102. Dnia Uniwersytetu Katolickiego Naj\u015bwi\u0119tszego Serca, kt\u00f3ry w tym roku przebiega pod has\u0142em \u201eDo\u015bwiadczenie poznania\u201d. List podpisany przez JEm. Kard. Pietro Parolina opublikowany wczoraj w po\u0142udnie przez Biuro Prasowe Stolicy Apostolskiej, podejmuje refleksj\u0119 nad sensem wiedzy i jej rol\u0105 we wsp\u00f3\u0142czesnym \u015bwiecie.\n                    <a href=\"https:\/\/www.vaticannews.va\/pl\/papiez\/news\/2026-04\/leon-xiv-wiedza-ma-sluzyc-dobru-wspolnemu.html\">Czytaj wszystko<\/a>\n                    &nbsp;<\/p>\n                <\/div>\n            <\/div>\n        \n            <div class='col-lg-4 col-md-3 col-sm-6 col-xs-12'>\n                <div class='card p-3 rounded my-2 shadow'>\n                    <img src='https:\/\/www.vaticannews.va\/content\/dam\/vaticannews\/cem\/beato-Gwidon-torna--Santo-Spirito-in-Sassia.jpg\/_jcr_content\/renditions\/cq5dam.thumbnail.cropped.750.422.jpeg' alt='' class='img-fluid d-block border rounded'>\n                    <h3 class='my-2'><strong><a href='https:\/\/www.vaticannews.va\/pl\/kosciol\/news\/2026-04\/gwidon-rzym-siostry-zakonne.html' target='_blank'>Obraz b\u0142. Gwidona w rzymskim ko\u015bciele pw. Ducha \u015awi\u0119tego<\/a><\/strong><\/h3>\n                    <small class='text-muted'>(2026-04-20 08:03)<\/small>\n                    <p>Do rzymskiego ko\u015bcio\u0142a pw. \u015awi\u0119tego Ducha zosta\u0142 uroczy\u015bcie wprowadzony przedstawiaj\u0105cy b\u0142. Gwidona z Montpellier obraz, autorstwa prof. Zbigniewa Sa\u0142aja. Wprowadzenie obrazu to \u201esymboliczny znak powrotu tego, kt\u00f3ry obdarzony charyzmatem mi\u0142o\u015bci mi\u0142osiernej, w tym miejscu realizowa\u0142 idea\u0142 mi\u0142osierdzia chrze\u015bcija\u0144skiego\u201d \u2013 podkre\u015bli\u0142a m. Kazimiera Go\u0142\u0119biowska CSS.\n                    <a href=\"https:\/\/www.vaticannews.va\/pl\/kosciol\/news\/2026-04\/gwidon-rzym-siostry-zakonne.html\">Czytaj wszystko<\/a>\n                    &nbsp;<\/p>\n                <\/div>\n            <\/div>\n        \n            <div class='col-lg-4 col-md-3 col-sm-6 col-xs-12'>\n                <div class='card p-3 rounded my-2 shadow'>\n                    <img src='https:\/\/www.vaticannews.va\/content\/dam\/vaticannews\/agenzie\/images\/srv\/2026\/04\/19\/2026-04-19-viaggio-apostolico-in-angola---nunziatura\/1776610273728.JPG\/_jcr_content\/renditions\/cq5dam.thumbnail.cropped.750.422.jpeg' alt='' class='img-fluid d-block border rounded'>\n                    <h3 class='my-2'><strong><a href='https:\/\/www.vaticannews.va\/pl\/papiez\/news\/2026-04\/osmy-dzien-papieza-leona-xiv-w-afryce-podroz-do-saurimo.html' target='_blank'>Bogaty program \u00f3smego dnia podr\u00f3\u017cy Leona XIV do Afryki<\/a><\/strong><\/h3>\n                    <small class='text-muted'>(2026-04-20 07:00)<\/small>\n                    <p>\u00d3smy dzie\u0144 swojej podr\u00f3\u017cy apostolskiej do Afryki i trzeci dzie\u0144 w Angoli Leon XIV rozpocznie od wizyty w Saurimo, stolicy prowincji Lunda Sul, gdzie m.in. b\u0119dzie sprawowa\u0107 Msz\u0119 \u015bw. dla 30 tys. os\u00f3b. Zaplanowane s\u0105 tak\u017ce inne spotkania Ojca \u015awi\u0119tego.\n                    <a href=\"https:\/\/www.vaticannews.va\/pl\/papiez\/news\/2026-04\/osmy-dzien-papieza-leona-xiv-w-afryce-podroz-do-saurimo.html\">Czytaj wszystko<\/a>\n                    &nbsp;<\/p>\n                <\/div>\n            <\/div>\n        \n            <div class='col-lg-4 col-md-3 col-sm-6 col-xs-12'>\n                <div class='card p-3 rounded my-2 shadow'>\n                    <img src='https:\/\/www.vaticannews.va\/content\/dam\/vaticannews\/agenzie\/images\/srv\/2026\/04\/19\/2026-04-19-viaggio-apostolico-in-angola---preghiera-del-santo-ro\/1776616271958.JPG\/_jcr_content\/renditions\/cq5dam.thumbnail.cropped.750.422.jpeg' alt='' class='img-fluid d-block border rounded'>\n                    <h3 class='my-2'><strong><a href='https:\/\/www.vaticannews.va\/pl\/papiez\/news\/2026-04\/tydzien-papiez-leon-xiv-w-afryka-zywa-wiara-i-milosc-nie-magia.html' target='_blank'>Tydzie\u0144 Papie\u017ca w Afryce: \u017bywa wiara i mi\u0142o\u015b\u0107, nie magia i wojny<\/a><\/strong><\/h3>\n                    <small class='text-muted'>(2026-04-19 20:20)<\/small>\n                    <p>W homilii wyg\u0142oszonej w Kilambie Leon XIV zach\u0119ci\u0142 do rozpoznania Jezusa id\u0105cego obok nas tak\u017ce w trudnych momentach \u017cycia. Przestrzeg\u0142 przed magi\u0105 i zabobonami. Po modlitwie r\u00f3\u017ca\u0144cowej w Sanktuarium \u201eMam\u00e3 Muxima\u201d apelowa\u0142: \u201eNie wojna, ale mi\u0142o\u015b\u0107 musi zwyci\u0119\u017ca\u0107!\u201d. Mija tydzie\u0144 podr\u00f3\u017cy Apostolskiej Papie\u017ca w Afryce.\n                    <a href=\"https:\/\/www.vaticannews.va\/pl\/papiez\/news\/2026-04\/tydzien-papiez-leon-xiv-w-afryka-zywa-wiara-i-milosc-nie-magia.html\">Czytaj wszystko<\/a>\n                    &nbsp;<\/p>\n                <\/div>\n            <\/div>\n        \n            <div class='col-lg-4 col-md-3 col-sm-6 col-xs-12'>\n                <div class='card p-3 rounded my-2 shadow'>\n                    <img src='https:\/\/www.vaticannews.va\/content\/dam\/vaticannews\/agenzie\/images\/srv\/2026\/04\/19\/2026-04-19-viaggio-apostolico-in-angola---preghiera-del-santo-ro\/1776616564540.JPG\/_jcr_content\/renditions\/cq5dam.thumbnail.cropped.750.422.jpeg' alt='' class='img-fluid d-block border rounded'>\n                    <h3 class='my-2'><strong><a href='https:\/\/www.vaticannews.va\/pl\/papiez\/news\/2026-04\/leon-xiv-w-angola-afryka-milosc-musi-zwyciezac-a-nie-wojna.html' target='_blank'>Leon XIV w Angoli: Mi\u0142o\u015b\u0107 musi zwyci\u0119\u017ca\u0107, a nie wojna!<\/a><\/strong><\/h3>\n                    <small class='text-muted'>(2026-04-19 19:24)<\/small>\n                    <p>Aby g\u0142odni mieli co je\u015b\u0107, chorzy otrzymali leczenie, dzieci wykszta\u0142cenie, a osoby starsze by mia\u0142y spok\u00f3j w wieku dojrza\u0142ym. O tym wszystkim my\u015bli matka: o tym wszystkim my\u015bli Maryja i zaprasza r\u00f3wnie\u017c nas, aby\u015bmy dzielili Jej zatroskanie \u2013 podkre\u015bli\u0142 Leon XIV w Sanktuarium \u201eMam\u00e3 Muxima\u201d w Angoli podczas modlitwy r\u00f3\u017ca\u0144cowej w niedzielny wiecz\u00f3r, witany z wielkim entuzjazmem w angolskim sanktuarium.\n                    <a href=\"https:\/\/www.vaticannews.va\/pl\/papiez\/news\/2026-04\/leon-xiv-w-angola-afryka-milosc-musi-zwyciezac-a-nie-wojna.html\">Czytaj wszystko<\/a>\n                    &nbsp;<\/p>\n                <\/div>\n            <\/div>\n        \n            <div class='col-lg-4 col-md-3 col-sm-6 col-xs-12'>\n                <div class='card p-3 rounded my-2 shadow'>\n                    <img src='https:\/\/www.vaticannews.va\/content\/dam\/vaticannews\/agenzie\/images\/srv\/2026\/04\/19\/2026-04-19-viaggio-apostolico-in-angola---santa-messa-nella-spia\/1776599464469.JPG\/_jcr_content\/renditions\/cq5dam.thumbnail.cropped.750.422.jpeg' alt='' class='img-fluid d-block border rounded'>\n                    <h3 class='my-2'><strong><a href='https:\/\/www.vaticannews.va\/pl\/papiez\/news\/2026-04\/afryka-podroz-papieza-wezwanie-do-przemiany-serca.html' target='_blank'>Afryka, podr\u00f3\u017c Papie\u017ca: wezwanie do przemiany serca<\/a><\/strong><\/h3>\n                    <small class='text-muted'>(2026-04-19 17:14)<\/small>\n                    <p>Podr\u00f3\u017c Papie\u017ca do Afryki wzywa nas do otwarcia oczu i zmiany rytmu naszego serca \u2013 by je o\u017cywi\u0107.  Zach\u0119ca nas do dzia\u0142ania \u2013 by oblicze ludzko\u015bci stawa\u0142o si\u0119 bardziej prawdziwe. \n                    <a href=\"https:\/\/www.vaticannews.va\/pl\/papiez\/news\/2026-04\/afryka-podroz-papieza-wezwanie-do-przemiany-serca.html\">Czytaj wszystko<\/a>\n                    &nbsp;<\/p>\n                <\/div>\n            <\/div>\n        \n            <div class='col-lg-4 col-md-3 col-sm-6 col-xs-12'>\n                <div class='card p-3 rounded my-2 shadow'>\n                    <img src='https:\/\/www.vaticannews.va\/content\/dam\/vaticannews\/cem\/Marcia-per-la-Vita.jpeg\/_jcr_content\/renditions\/cq5dam.thumbnail.cropped.750.422.jpeg' alt='' class='img-fluid d-block border rounded'>\n                    <h3 class='my-2'><strong><a href='https:\/\/www.vaticannews.va\/pl\/swiat\/news\/2026-04\/pro-life-marsz-dla-zycia-warszawa.html' target='_blank'>Rodzina jest si\u0142\u0105 \u2013 Marsz \u017bycia przeszed\u0142 ulicami Warszawy<\/a><\/strong><\/h3>\n                    <small class='text-muted'>(2026-04-19 15:13)<\/small>\n                    <p>Chcemy pokaza\u0107, \u017ce prawdziwa rodzina jest si\u0142\u0105 \u2013 m\u00f3wili uczestnicy Narodowego Marszu \u017bycia, kt\u00f3ry 19 kwietnia przeszed\u0142 ulicami Warszawy. Wydarzenie zgromadzi\u0142o tysi\u0105ce os\u00f3b, dla kt\u00f3rych wa\u017cna jest ochrona \u017cycia oraz warto\u015bci rodzinne. Tegoroczna edycja pod has\u0142em \u201eWiara i wierno\u015b\u0107\u201d nawi\u0105zywa\u0142a r\u00f3wnie\u017c do 1060. rocznicy Chrztu Polski.\n                    <a href=\"https:\/\/www.vaticannews.va\/pl\/swiat\/news\/2026-04\/pro-life-marsz-dla-zycia-warszawa.html\">Czytaj wszystko<\/a>\n                    &nbsp;<\/p>\n                <\/div>\n            <\/div>\n        \n            <div class='col-lg-4 col-md-3 col-sm-6 col-xs-12'>\n                <div class='card p-3 rounded my-2 shadow'>\n                    <img src='https:\/\/www.vaticannews.va\/content\/dam\/vaticannews\/multimedia\/2026\/aprile\/19\/02.jpg\/_jcr_content\/renditions\/cq5dam.thumbnail.cropped.750.422.jpeg' alt='' class='img-fluid d-block border rounded'>\n                    <h3 class='my-2'><strong><a href='https:\/\/www.vaticannews.va\/pl\/papiez\/news\/2026-04\/siostra-elisabete-corazza-opowiada-o-problemach-angoli.html' target='_blank'>Misjonarka o Angoli: brak pracy, sekty, ale wielka wiara<\/a><\/strong><\/h3>\n                    <small class='text-muted'>(2026-04-19 14:02)<\/small>\n                    <p>Siostra Elisabete Corazza, Brazylijka, opisuje Angol\u0119, gdzie jest misjonark\u0105 od 8 lat: \u201eTo nar\u00f3d o wielkiej wierze, ale i wielkim cierpieniu\u201d. Opowiada o trudno\u015bciach wynikaj\u0105cych z braku pracy, s\u0142abej opieki zdrowotnej oraz antywarto\u015bci utrudniaj\u0105cych ewangelizacj\u0119. \u201eWa\u017cne, aby \u015bwiat spojrza\u0142 na Angol\u0119\u201d \u2013 m\u00f3wi, wskazuj\u0105c, \u017ce do tego przyczyni si\u0119 wizyta Leona XIV.\n                    <a href=\"https:\/\/www.vaticannews.va\/pl\/papiez\/news\/2026-04\/siostra-elisabete-corazza-opowiada-o-problemach-angoli.html\">Czytaj wszystko<\/a>\n                    &nbsp;<\/p>\n                <\/div>\n            <\/div>\n        \n            <div class='col-lg-4 col-md-3 col-sm-6 col-xs-12'>\n                <div class='card p-3 rounded my-2 shadow'>\n                    <img src='https:\/\/www.vaticannews.va\/content\/dam\/vaticannews\/agenzie\/images\/srv\/2026\/04\/19\/2026-04-19-viaggio-apostolico-in-angola---santa-messa-nella-spia\/1776595267450.JPG\/_jcr_content\/renditions\/cq5dam.thumbnail.cropped.750.422.jpeg' alt='' class='img-fluid d-block border rounded'>\n                    <h3 class='my-2'><strong><a href='https:\/\/www.vaticannews.va\/pl\/papiez\/news\/2026-04\/papiez-na-regina-coeli-w-kilambie-owoce-zmartwychwstania.html' target='_blank'>Leon XIV na Regina Coeli z nadziej\u0105 o Libanie i Bliskim Wschodzie<\/a><\/strong><\/h3>\n                    <small class='text-muted'>(2026-04-19 13:01)<\/small>\n                    <p>Tym radosnym \u015bpiewem nie chcemy uciszy\u0107 ani zag\u0142uszy\u0107 wo\u0142ania cierpi\u0105cych, lecz raczej je obj\u0105\u0107 \u2013 tak m\u00f3wi\u0142 Leon XIV w rozwa\u017caniu przed niedzieln\u0105 modlitw\u0105 Regina Coeli w Kilambie w Angoli.\n                    <a href=\"https:\/\/www.vaticannews.va\/pl\/papiez\/news\/2026-04\/papiez-na-regina-coeli-w-kilambie-owoce-zmartwychwstania.html\">Czytaj wszystko<\/a>\n                    &nbsp;<\/p>\n                <\/div>\n            <\/div>\n            <\/div>\n<\/div>\n<br>\n<\/code><\/strong><\/p>\n","protected":false},"excerpt":{"rendered":"","protected":false},"author":1,"featured_media":0,"parent":0,"menu_order":0,"comment_status":"closed","ping_status":"closed","template":"","meta":{"footnotes":""},"class_list":["post-2676","page","type-page","status-publish","hentry","entry"],"_links":{"self":[{"href":"https:\/\/parafie.archidiecezja.lodz.pl\/swietyalbert\/wp-json\/wp\/v2\/pages\/2676","targetHints":{"allow":["GET"]}}],"collection":[{"href":"https:\/\/parafie.archidiecezja.lodz.pl\/swietyalbert\/wp-json\/wp\/v2\/pages"}],"about":[{"href":"https:\/\/parafie.archidiecezja.lodz.pl\/swietyalbert\/wp-json\/wp\/v2\/types\/page"}],"author":[{"embeddable":true,"href":"https:\/\/parafie.archidiecezja.lodz.pl\/swietyalbert\/wp-json\/wp\/v2\/users\/1"}],"replies":[{"embeddable":true,"href":"https:\/\/parafie.archidiecezja.lodz.pl\/swietyalbert\/wp-json\/wp\/v2\/comments?post=2676"}],"version-history":[{"count":1,"href":"https:\/\/parafie.archidiecezja.lodz.pl\/swietyalbert\/wp-json\/wp\/v2\/pages\/2676\/revisions"}],"predecessor-version":[{"id":2677,"href":"https:\/\/parafie.archidiecezja.lodz.pl\/swietyalbert\/wp-json\/wp\/v2\/pages\/2676\/revisions\/2677"}],"wp:attachment":[{"href":"https:\/\/parafie.archidiecezja.lodz.pl\/swietyalbert\/wp-json\/wp\/v2\/media?parent=2676"}],"curies":[{"name":"wp","href":"https:\/\/api.w.org\/{rel}","templated":true}]}}